{"id":68,"date":"2014-01-29T19:48:18","date_gmt":"2014-01-29T19:48:18","guid":{"rendered":"http:\/\/127.0.0.1\/wordpress2\/?page_id=2"},"modified":"2018-09-24T14:20:20","modified_gmt":"2018-09-24T14:20:20","slug":"beispiel-seite","status":"publish","type":"page","link":"http:\/\/kfzlinx.de\/","title":{"rendered":"Willkommen bei KFZLINX \/ Welcome to KFZLINX"},"content":{"rendered":"<p style=\"text-align: center;\">NEU: aktueller, \u00fcbersichtlicher denn je.\u00a0\u00a0\u00a0\u00a0\u00a0\u00a0\u00a0\u00a0\u00a0\u00a0\u00a0\u00a0\u00a0\u00a0\u00a0\u00a0\u00a0\u00a0\u00a0\u00a0\u00a0\u00a0\u00a0\u00a0\u00a0\u00a0\u00a0\u00a0\u00a0\u00a0\u00a0\u00a0\u00a0\u00a0\u00a0\u00a0\u00a0\u00a0\u00a0\u00a0\u00a0\u00a0\u00a0\u00a0\u00a0\u00a0\u00a0\u00a0\u00a0\u00a0\u00a0\u00a0\u00a0\u00a0\u00a0\u00a0\u00a0\u00a0\u00a0\u00a0\u00a0 <span style=\"color: #2e7999;\">NEW: With english content, more up to date and clearer than ever.<\/span><\/p>\n<p style=\"text-align: center;\"><span style=\"color: #000000;\">Diese private Website ist eine moderierte Linkliste zu Themen der Kraftfahrzeugtechnik. Das heisst die besten Links des Webs wurden von uns schon f\u00fcr euch rausgesucht. Das gew\u00fcnschte Thema findet ihr entweder oben \u00fcber das Alphabet oder \u00fcber die Suchfunktion.<\/span><\/p>\n<p style=\"text-align: center;\">F\u00fcr den Inhalt der verlinkten Seiten sind die jeweiligen Betreiber verantwortlich. Eine Inhaltskontrolle durch KFZLINX findet nicht statt und jegliche Haftung f\u00fcr den Inhalt dieser Seiten ist ausgeschlossen.<\/p>\n<p style=\"text-align: center;\"><span style=\"color: #2e7999;\">This private side is a moderated linklist related to automotive engineering. Here you can find the best links to the topics you are interested in. The best links are filtered from us to give you only the useful and substantial informations you need. This website is dedicated to all who are interested in automotive engineering and willing to learn. The links are sorted alphabetical from the German technical terms. If you are looking for english contant please use the search, right side on top of this page.<\/span><\/p>\n<p style=\"text-align: center;\"><span style=\"color: #2e7999;\">The responsibility for the linked content is by the owner of the linked website. We do not control or influence the content of the linked pages, so we are not legally liable for these pages.<\/span><\/p>\n<p style=\"text-align: center;\"><code><a class=\"gaoo-opt-out google-analytics-opt-out\" href=\"javascript:gaoop_analytics_optout();\">Google Tracking hier ausschalten! Turn Google tracking off here!<\/a><\/code><\/p>\n","protected":false},"excerpt":{"rendered":"<p>NEU: aktueller, \u00fcbersichtlicher denn je.\u00a0\u00a0\u00a0\u00a0\u00a0\u00a0\u00a0\u00a0\u00a0\u00a0\u00a0\u00a0\u00a0\u00a0\u00a0\u00a0\u00a0\u00a0\u00a0\u00a0\u00a0\u00a0\u00a0\u00a0\u00a0\u00a0\u00a0\u00a0\u00a0\u00a0\u00a0\u00a0\u00a0\u00a0\u00a0\u00a0\u00a0\u00a0\u00a0\u00a0\u00a0\u00a0\u00a0\u00a0\u00a0\u00a0\u00a0\u00a0\u00a0\u00a0\u00a0\u00a0\u00a0\u00a0\u00a0\u00a0\u00a0\u00a0\u00a0\u00a0\u00a0 NEW: With english content, more up to date and clearer than ever. Diese private Website ist eine moderierte Linkliste zu Themen der Kraftfahrzeugtechnik. Das heisst die besten Links des Webs wurden von uns schon f\u00fcr euch rausgesucht. Das gew\u00fcnschte Thema findet ihr entweder oben \u00fcber das Alphabet oder \u00fcber die &hellip; <a href=\"http:\/\/kfzlinx.de\/\" class=\"more-link\"><span class=\"screen-reader-text\">Willkommen bei KFZLINX \/ Welcome to KFZLINX<\/span> weiterlesen <span class=\"meta-nav\">&rarr;<\/span><\/a><\/p>\n","protected":false},"author":1,"featured_media":0,"parent":0,"menu_order":0,"comment_status":"closed","ping_status":"closed","template":"","meta":{"footnotes":""},"_links":{"self":[{"href":"http:\/\/kfzlinx.de\/index.php?rest_route=\/wp\/v2\/pages\/68"}],"collection":[{"href":"http:\/\/kfzlinx.de\/index.php?rest_route=\/wp\/v2\/pages"}],"about":[{"href":"http:\/\/kfzlinx.de\/index.php?rest_route=\/wp\/v2\/types\/page"}],"author":[{"embeddable":true,"href":"http:\/\/kfzlinx.de\/index.php?rest_route=\/wp\/v2\/users\/1"}],"replies":[{"embeddable":true,"href":"http:\/\/kfzlinx.de\/index.php?rest_route=%2Fwp%2Fv2%2Fcomments&post=68"}],"version-history":[{"count":18,"href":"http:\/\/kfzlinx.de\/index.php?rest_route=\/wp\/v2\/pages\/68\/revisions"}],"predecessor-version":[{"id":1158,"href":"http:\/\/kfzlinx.de\/index.php?rest_route=\/wp\/v2\/pages\/68\/revisions\/1158"}],"wp:attachment":[{"href":"http:\/\/kfzlinx.de\/index.php?rest_route=%2Fwp%2Fv2%2Fmedia&parent=68"}],"curies":[{"name":"wp","href":"https:\/\/api.w.org\/{rel}","templated":true}]}}